
Calculate the highest common factor of 6096 and 1961896.
1016
Calculate the highest common divisor of 18230310 and 3420.
1710
What is the highest common factor of 80200 and 400?
200
What is the greatest common factor of 504 and 4923?
9
What is the highest common factor of 10414 and 1312?
82
Calculate the greatest common divisor of 7119 and 31857.
21
Calculate the greatest common factor of 220990 and 165.
55
What is the highest common divisor of 875 and 1025?
25
What is the highest common divisor of 550684 and 93?
31
Calculate the highest common factor of 616 and 27874.
154
Calculate the greatest common divisor of 26320 and 141.
47
Calculate the greatest common divisor of 49193 and 1.
1
What is the highest common factor of 168 and 530292?
84
Calculate the greatest common divisor of 21411 and 81679.
793
What is the highest common divisor of 15288 and 35?
7
Calculate the greatest common divisor of 30 and 19683.
3
Calculate the greatest common divisor of 3265344 and 1152.
576
What is the greatest common divisor of 28 and 99148?
28
Calculate the greatest common divisor of 9460 and 2045725.
2365
Calculate the highest common divisor of 52490 and 20.
10
What is the highest common divisor of 62234 and 148?
74
Calculate the highest common divisor of 546 and 452088.
546
What is the highest common factor of 21184 and 149943?
331
What is the greatest common factor of 138190 and 270?
10
Calculate the greatest common factor of 1197 and 9405.
171
What is the greatest common divisor of 1587210 and 764?
382
What is the greatest common divisor of 17 and 4565129?
17
What is the greatest common factor of 246 and 20544?
6
Calculate the highest common divisor of 6072 and 3496.
184
What is the greatest common divisor of 480 and 5840?
80
What is the highest common divisor of 4615 and 4303?
13
Calculate the greatest common factor of 1 and 25291.
1
What is the highest common divisor of 60171 and 651?
93
Calculate the highest common divisor of 5475976 and 1936.
968
What is the highest common divisor of 45132 and 24?
12
Calculate the highest common factor of 8260 and 100.
20
What is the greatest common factor of 9145 and 24335?
155
Calculate the highest common divisor of 23525 and 10125.
25
What is the highest common divisor of 100 and 13910?
10
What is the greatest common factor of 85 and 4295?
5
What is the highest common factor of 805411 and 31?
31
Calculate the greatest common factor of 5570 and 360.
10
What is the greatest common factor of 303 and 91708?
101
Calculate the greatest common divisor of 208 and 162448.
208
What is the greatest common factor of 34592 and 288?
32
What is the greatest common factor of 47669 and 23508?
653
What is the highest common factor of 35 and 1970?
5
What is the greatest common factor of 553214 and 742?
106
What is the highest common divisor of 3304 and 866474?
826
What is the highest common divisor of 75021 and 51?
51
What is the highest common divisor of 3289 and 72059?
299
What is the highest common divisor of 17 and 38539?
17
What is the highest common factor of 51 and 43469?
17
What is the highest common factor of 272 and 104822?
34
Calculate the greatest common factor of 1463484 and 660.
132
Calculate the highest common divisor of 540 and 186.
6
What is the greatest common divisor of 807 and 17216?
269
Calculate the greatest common factor of 7 and 135709.
7
What is the highest common divisor of 22 and 56111?
11
What is the greatest common factor of 14 and 324528?
2
Calculate the greatest common factor of 139707 and 2322.
387
Calculate the highest common factor of 1170 and 20250.
90
Calculate the highest common factor of 231 and 57211.
77
What is the greatest common divisor of 144 and 12287952?
144
Calculate the highest common divisor of 888 and 1131090.
222
What is the highest common divisor of 41215 and 25?
5
Calculate the greatest common factor of 7075 and 566.
283
What is the highest common factor of 889 and 1347343?
127
What is the highest common factor of 240 and 70880?
80
What is the greatest common divisor of 506 and 8280?
46
Calculate the highest common divisor of 782 and 8786.
46
What is the highest common factor of 448 and 64064?
448
What is the greatest common factor of 513664 and 32?
32
Calculate the highest common divisor of 461112 and 48.
24
What is the highest common factor of 1074 and 50?
2
Calculate the greatest common divisor of 191581 and 65.
13
What is the greatest common factor of 477124 and 404?
404
What is the highest common factor of 1920 and 3680?
160
Calculate the highest common factor of 968 and 23112.
8
What is the greatest common divisor of 3629 and 513?
19
Calculate the greatest common factor of 24738 and 51870.
798
Calculate the highest common divisor of 281298 and 692.
346
What is the greatest common divisor of 400 and 3312?
16
Calculate the highest common factor of 280 and 15880.
40
Calculate the highest common factor of 22096 and 272.
16
What is the greatest common divisor of 33 and 31559?
11
What is the greatest common divisor of 1286134 and 404?
202
Calculate the greatest common divisor of 1125 and 126375.
375
Calculate the highest common divisor of 3127012 and 464.
116
Calculate the highest common divisor of 155230 and 190.
190
Calculate the highest common divisor of 2059496 and 24.
8
What is the highest common factor of 6432 and 576?
96
Calculate the highest common divisor of 260 and 68.
4
Calculate the highest common factor of 10705 and 90.
5
What is the highest common divisor of 7566 and 9?
3
Calculate the greatest common divisor of 321853 and 147.
7
What is the greatest common factor of 65 and 2395?
5
What is the highest common divisor of 32 and 27216?
16
What is the highest common factor of 1247 and 1104283?
43
Calculate the highest common factor of 66 and 63514.
22
What is the greatest common divisor of 700 and 10050?
50
Calculate the greatest common factor of 171 and 2854503.
171
What is the greatest common divisor of 8563 and 9?
1
What is the highest common divisor of 858 and 72402?
66
Calculate the greatest common factor of 29 and 1110439.
29
Calculate the highest common factor of 912 and 196304.
16
What is the highest common divisor of 532 and 6692?
28
What is the highest common factor of 93440 and 380?
20
Calculate the highest common divisor of 1421 and 10121.
29
What is the greatest common divisor of 177 and 61419?
177
What is the greatest common divisor of 1071 and 393771?
357
What is the greatest common factor of 1991 and 1507?
11
What is the highest common factor of 75 and 178725?
75
What is the highest common divisor of 301490 and 630?
70
Calculate the highest common divisor of 50 and 35180.
10
What is the greatest common factor of 5544 and 20916?
252
Calculate the highest common factor of 95 and 896515.
95
Calculate the greatest common factor of 56 and 184716.
28
What is the highest common factor of 70509 and 2793?
57
What is the highest common divisor of 1826976 and 48?
48
Calculate the greatest common factor of 178928 and 53.
53
Calculate the highest common factor of 104 and 139592.
8
Calculate the highest common factor of 22 and 25931554.
22
Calculate the greatest common factor of 32606 and 854.
14
What is the highest common factor of 318 and 101601?
159
Calculate the highest common factor of 615 and 109716.
123
What is the greatest common factor of 7221558 and 19?
19
Calculate the highest common divisor of 11 and 129943.
11
What is the greatest common factor of 20291 and 618?
103
Calculate the highest common factor of 9875 and 170640.
395
What is the greatest common factor of 184 and 1112?
8
Calculate the greatest common divisor of 7358 and 78.
26
What is the highest common factor of 612 and 42759?
9
Calculate the greatest common divisor of 15616 and 21289.
61
Calculate the greatest common factor of 126 and 2070.
18
Calculate the highest common factor of 1150 and 30.
10
What is the greatest common factor of 936714 and 12?
6
Calculate the greatest common factor of 924 and 1295217.
231
Calculate the greatest common factor of 194 and 5350714.
194
What is the greatest common divisor of 18125 and 58?
29
Calculate the greatest common divisor of 44085 and 15.
15
Calculate the greatest common divisor of 780 and 690040.
260
Calculate the greatest common divisor of 1248 and 37